e remainder when 624 is divided by l?
8
Let q be 6 + 2 + -6 - -3. Let k = 11 - q. Suppose 3*z - 69 = -0*z. Calculate the remainder when z is divided by k.
5
Let p be (-230)/(-8) + (-16)/(-64). Let q = 32 - p. Suppose -5*j = c - 10, 4*j + q*c = -3 - 0. What is the remainder when j is divided by 3?
0
Let y(p) = -10*p - 62. Calculate the remainder when 232 is divided by y(-8).
16
Let j = 21 + -17. Let s(y) = y**2 + 7*y - 1. What is the remainder when s(5) is divided by (j/(-6))/(6/(-135))?
14
What is the remainder when 102 is divided by 1 - (-7)/(-21) - 79/(-3)?
21
Let f = 52 + -79. Let p = 33 + f. Suppose 3*t + 0*t - 3*m - p = 0, 8 = 2*m. Calculate the remainder when t is divided by 2.
0
Let a = -28 + 39. Let y(v) = -v + 1. Let o(l) = 9*l - 4. Let z(h) = -o(h) - 5*y(h). What is the remainder when z(-8) is divided by a?
9
Let x be (-1)/((-8)/(-12)*(-3)/4). Suppose 0 = -x*w - 2*h + 1 + 51, -4*w - 3*h = -102. Calculate the remainder when 69 is divided by w.
21
Suppose 6*b = 16 + 14. Suppose b*z - 44 = 96. What is the remainder when 81 is divided by z?
25
Suppose -8*i + 87 = -57. Suppose -3*q + 3*j + 72 = 0, 2*q = q - 2*j + i. What is the remainder when q is divided by 6?
4
Let n = -5 + 7. Suppose 1 = -n*c + 5. Suppose -5*r + 27 = 2*o, 0 = -4*o - c + 6. What is the remainder when 12 is divided by r?
2
Suppose -66 = -14*m + 8*m. What is the remainder when m is divided by 4?
3
Suppose 2*g - 20 = 4*l - g, 2*l = g - 8. Let t be 4 + l - (1 + 1). Suppose -b + 24 - 8 = t. Calculate the remainder when 63 is divided by b.
15
Let b(y) = -y + 23*y**3 - 2*y**3 + 29*y**3 + y**2. Let o be b(1). What is the remainder when 1/(1/o) + 4 is divided by 19?
16
Suppose -8*c - 223 = -535. Calculate the remainder when c is divided by 4.
3
Let j(y) = 1 - 3*y**3 + 13*y**2 + 4 - 12*y + 2*y**3. Let f be j(12). Suppose x - f = -2. What is the remainder when 8 is divided by x?
2
Suppose -185 = -2*z + h, 3*h = -5*z + 8*h + 470. What is the remainder when z is divided by 46?
45
Let u = 128 - 90. Suppose 3*i = u + 1. Calculate the remainder when i is divided by 7.
6
Let c(n) = n**3 - 10*n**2 - 28*n + 139. Let j = 34 - 11. What is the remainder when c(12) is divided by j?
22
Suppose -2*u = -u - 12. Calculate the remainder when (-1)/(-2) + (-3306)/(-76) is divided by u.
8
Let l be (-115)/(5/(-1)) + -4. Suppose -n - 4*u + 29 = 0, -n + u + l = -0*n. Calculate the remainder when n is divided by 4.
1
Suppose 665*k - 674*k = -6948. What is the remainder when k is divided by 43?
41
Let w be 2/((-2)/(-8)*-2). Let q(v) = -v**3 - 4*v**2 - 10*v - 3. Calculate the remainder when q(w) is divided by 13.
11
Let g(r) = 216*r**2 - 2*r + 1. Calculate the remainder when g(1) is divided by 13.
7
Suppose -4*m + 43 = -3*m. Calculate the remainder when m is divided by 25.
18
Let l(q) = q**3 - q + 13. Suppose 4*v + 9 + 3 = 0. Let g = v - -3. What is the remainder when 37 is divided by l(g)?
11
Calculate the remainder when 298 is divided by (-3290)/(-55) - 22/(-121).
58
Let a = -1 + 6. Suppose -45 = -a*u - 10. Calculate the remainder when 34 is divided by u.
6
What is the remainder when 24507/27 + (32/(-12) - -2) is divided by 38?
33
Suppose -38 = -w + 4*j, 3*w - 6*j + j = 86. Calculate the remainder when -2*2 - 777/(-7) is divided by w.
19
Let h = 580 + -384. Suppose 4*o = -4*p + h + 160, 4*p - 3*o - 321 = 0. Calculate the remainder when p is divided by 29.
26
What is the remainder when 144 is divided by (0 + 2)/(9/((-1953)/(-14)))?
20
Suppose -41*y + 96 = -475 - 85. Suppose 8*r - 3*r = 455. Let t = r + -61. Calculate the remainder when t is divided by y.
14
Let p be 3/18*3*-4. Let a be p/9 + 38/9. Suppose 2*o = -3*o, -120 = -a*k + o. Calculate the remainder when k is divided by 16.
14
Let j(t) = -t**3 - 8*t**2 - 10*t + 3. Calculate the remainder when 86 is divided by j(-7).
14
Suppose p = -3 + 11. Let v = 173 - 160. What is the remainder when v is divided by p?
5
Suppose -407 = -20*o + 9*o. What is the remainder when 146 is divided by o?
35
Let s(d) = 2*d**2 + 3*d + 13. Let l(v) = v**3 + 13*v**2 - 2*v - 3. Let c(r) = r - 3. Let b be c(-10). Calculate the remainder when s(-6) is divided by l(b).
21
Let l = -1247 + 1893. Calculate the remainder when l is divided by 18.
16
Suppose -33*d = 4*d - 1036. What is the remainder when 184 is divided by d?
16
Let c(n) = 15*n + 1. Let j(f) = f. Suppose 5*z + 9 = -4*p, 3*z - p = z - 1. Let w(y) = z*c(y) - 4*j(y). Calculate the remainder when w(-1) is divided by 7.
4
Suppose 0 = 2*t - 4, p + 0*t = -t + 19. Calculate the remainder when (-7)/(294/70)*-18 is divided by p.
13
Let k(j) = j**2 + 13*j + 18. Let m be -16 + -9*2/(-6). What is the remainder when 52 is divided by k(m)?
16
Let t be (16/6 - 4)*-54. Suppose t = 6*c - 330. Suppose 3*o - 34 = -4*f + 53, -4*o = 3*f - c. Calculate the remainder when 60 is divided by f.
18
Suppose 0*z + 546 = 6*z. Calculate the remainder when (-6)/24*(-1 - z) is divided by 1/(-2) + 25/2.
11
Suppose -12*k + 1231 = 1123. Let h be (-4)/(-6) - (-170)/6. Suppose -2*y = -h - 19. Calculate the remainder when y is divided by k.
6
Suppose -5*q - 4*z = -1 - 14, 0 = 2*z. What is the remainder when (5/(-2))/((-7)/14) is divided by q?
2
What is the remainder when 2/19 - 68068/(-988) is divided by 34?
1
Suppose -11 = -x - 4. Suppose 41 = x*q - 15. Calculate the remainder when 60*(-1 - 3/(-2)) is divided by q.
6
Calculate the remainder when (7096/(-12))/((-52)/78) is divided by 10.
7
Suppose 2*q = -q - 2*l - 78, 0 = -3*q + 4*l - 60. What is the remainder when 4 + q/(-2) - -1 is divided by 6?
5
Let l(i) = 37*i**3 + 5*i**2 - 8*i. Calculate the remainder when l(2) is divided by 101.
98
Suppose -3*f + 48 = 3*b, -78 = 179*b - 184*b - 4*f. What is the remainder when 48 is divided by b?
6
Suppose -11 = c + 2*z + 7, 3*c + 5*z + 51 = 0. Suppose -2*p + 23 = 2*p + f, 2*p + 3*f = 19. Let m = p - c. What is the remainder when 65 is divided by m?
14
Suppose -2*s + 74 = -0*s. Suppose -87*x = -105*x + 1314. Calculate the remainder when x is divided by s.
36
Suppose 4*f - 6*f + 68 = -2*i, 5*f + 2*i - 135 = 0. Calculate the remainder when 217 is divided by f.
14
What is the remainder when (-5418)/(-15) + 1/(-5) is divided by 73?
69
Suppose 4*n - 42 = 90. What is the remainder when n is divided by 6?
3
Let k = -20 + 26. Calculate the remainder when 60 is divided by 8 + (12/8)/(9/k).
6
Let p be (-2 - -2 - -2)/2. Suppose 0 = -g + 4 - p, 2*g = -3*f + 150. Suppose -3*h + f = -0*h. What is the remainder when 45 is divided by h?
13
Suppose 4*a - 20 + 4 = 0. Calculate the remainder when (-398)/(-8) - 3/a is divided by 10.
9
Let n(f) = f**3 + 7*f**2 + 11*f + 10. Let t be n(-5). Suppose -d = -t*u - 51, -147 = -3*d - u - 58. What is the remainder when d is divided by 16?
15
Suppose 0 = -25*d + 9227 - 327. Calculate the remainder when d is divided by 20.
16
Let v = 129 - 89. Calculate the remainder when v is divided by (14/(-4)*2)/((-1)/3).
19
Let k be (-16)/9 - -2 - 7090/(-90). Suppose -k*f + 4 = -78*f. Suppose 32 = 5*q - 4*b, 5*b = 4*q - 0 - 31. Calculate the remainder when f is divided by q.
0
Suppose 5*j - j = 3*q - 344, j = 4*q - 99. Let g = j + 142. Let y = -42 + g. Calculate the remainder when 48 is divided by y.
14
What is the remainder when 311 is divided by (-25)/(((-90)/(-27))/(-2))?
11
Suppose -7*x - 120 = -4*x. Let l = x - -49. Calculate the remainder when 52 is divided by l.
7
Let x be 5 + -1 + 3 + 1. Let v be x/36 + 508/(-18). Let n = v - -63. Calculate the remainder when n is divided by 19.
16
Suppose 0 + 16 = 4*h. Let t(b) = b**3 - 3*b**2 + b - 5. Calculate the remainder when 44 is divided by t(h).
14
Suppose 25 = 5*t - 130. Suppose 3*j + t = d, 0 = 3*d + d - 3*j - 160. What is the remainder when d is divided by (16/(-12))/(4/(-66))?
21
Let r(b) = -3*b**2 - 5*b - 3. Let n(z) = 3*z**2 + 4*z + 3. Let k(y) = 6*n(y) + 5*r(y). Calculate the remainder when k(-4) is divided by 14.
13
Let d be -1*5 + (-15)/(-5). Let o(j) = j + 4. What is the remainder when 4 is divided by o(d)?
0
Let l = -59 - -83. Suppose 5*o - 76 - l = 0. Calculate the remainder when 37 is divided by (o/7)/(14/49).
7
Let x = 16 + -8. Let j(o) = 210*o - 442*o + 5 + 236*o. Calculate the remainder when 108 is divided by j(x).
34
Suppose 4*p = 2*x + 44, x + 4*p = -17 - 23. Let i = x + 41. Calculate the r